{"id":17473,"date":"2025-07-24T15:39:06","date_gmt":"2025-07-24T13:39:06","guid":{"rendered":"https:\/\/dbvolta.com\/?page_id=17473"},"modified":"2025-07-24T15:41:04","modified_gmt":"2025-07-24T13:41:04","slug":"%f0%9f%9a%9a-dostawa","status":"publish","type":"page","link":"https:\/\/dbvolta.com\/?page_id=17473","title":{"rendered":"<div style=\"text-align: center;\">   <h1 style=\"color: #ff612d;\">\ud83d\ude9a Dostawa<\/h1> <\/div>"},"content":{"rendered":"<div class=\"dbvolta-shipping\" style=\"max-width: 800px; margin: 0 auto; padding: 20px; text-align: center;\">\n<h2 style=\"color: #ff612d;\">Informacje o wysy\u0142ce i dostawie<\/h2>\n<p>W Dbvolta.com zapewniamy szybk\u0105 i bezproblemow\u0105 dostaw\u0119 w ca\u0142ej Polsce \ud83c\uddf5\ud83c\uddf1! Niezale\u017cnie od tego, czy zamawiasz hurtowo, czy tylko kilka produkt\u00f3w, nasze europejskie magazyny gwarantuj\u0105 bezpieczn\u0105 i ekspresow\u0105 wysy\u0142k\u0119.<\/p>\n<div class=\"shipping-feature\" style=\"margin: 30px 0;\">\n<h3 style=\"color: #ff612d;\">\ud83d\ude80 Szybkie terminy dostaw<\/h3>\n<p>Wysy\u0142amy Twoje zam\u00f3wienie w ci\u0105gu 1-2 dni roboczych na terenie Polski.<\/p>\n<\/p><\/div>\n<div class=\"shipping-feature\" style=\"margin: 30px 0;\">\n<h3 style=\"color: #ff612d;\">\ud83d\udcb8 Darmowa dostawa powy\u017cej 300 z\u0142!<\/h3>\n<p>Darmowa dostawa dla wszystkich zam\u00f3wie\u0144 powy\u017cej 300 z\u0142!<br \/>Dla zam\u00f3wie\u0144 poni\u017cej 300 z\u0142 koszt wysy\u0142ki wynosi tylko 40 z\u0142.<\/p>\n<\/p><\/div>\n<div class=\"shipping-feature\" style=\"margin: 30px 0;\">\n<h3 style=\"color: #ff612d;\">\ud83d\udd12 Bezpieczna i niezawodna wysy\u0142ka<\/h3>\n<p>Wszystkie przesy\u0142ki maj\u0105 numery \u015bledzenia, dzi\u0119ki kt\u00f3rym mo\u017cesz \u015bledzi\u0107 swoj\u0105 paczk\u0119 w czasie rzeczywistym \ud83d\udce6\ud83d\udd0d.<br \/>Wysy\u0142amy z magazyn\u00f3w w Polsce.<\/p>\n<\/p><\/div>\n<div class=\"shipping-feature\" style=\"margin: 30px 0;\">\n<h3 style=\"color: #ff612d;\">\ud83d\udcc5 Dni wysy\u0142ki<\/h3>\n<p>Realizujemy zam\u00f3wienia od poniedzia\u0142ku do pi\u0105tku. Zam\u00f3wienia z\u0142o\u017cone po godz. 12:00 w pi\u0105tek lub w weekend zostan\u0105 wys\u0142ane w poniedzia\u0142ek. \u2728<\/p>\n<\/p><\/div>\n<\/div>\n<style>\n.dbvolta-shipping h2 {\n    margin-top: 25px;\n    margin-bottom: 20px;\n}\n.dbvolta-shipping h3 {\n    margin-top: 20px;\n    margin-bottom: 10px;\n    font-size: 1.3em;\n}\n.shipping-feature {\n    background-color: #f9f9f9;\n    padding: 20px;\n    border-radius: 10px;\n    border-left: 4px solid #ff612d;\n}\n.dbvolta-shipping p {\n    line-height: 1.6;\n    margin-bottom: 0;\n}\n<\/style>\n","protected":false},"excerpt":{"rendered":"<p>Informacje o wysy\u0142ce i dostawie W Dbvolta.com zapewniamy szybk\u0105 i bezproblemow\u0105 dostaw\u0119 w ca\u0142ej Polsce \ud83c\uddf5\ud83c\uddf1! Niezale\u017cnie od tego, czy zamawiasz hurtowo, czy tylko kilka produkt\u00f3w, nasze europejskie magazyny gwarantuj\u0105 bezpieczn\u0105 i ekspresow\u0105 wysy\u0142k\u0119. \ud83d\ude80 Szybkie terminy dostaw Wysy\u0142amy Twoje zam\u00f3wienie w ci\u0105gu 1-2 dni roboczych na terenie Polski. \ud83d\udcb8 Darmowa dostawa powy\u017cej 300 z\u0142! [&hellip;]<\/p>\n","protected":false},"author":1,"featured_media":0,"parent":0,"menu_order":0,"comment_status":"closed","ping_status":"closed","template":"","meta":{"footnotes":""},"class_list":["post-17473","page","type-page","status-publish","hentry"],"_links":{"self":[{"href":"https:\/\/dbvolta.com\/index.php?rest_route=\/wp\/v2\/pages\/17473","targetHints":{"allow":["GET"]}}],"collection":[{"href":"https:\/\/dbvolta.com\/index.php?rest_route=\/wp\/v2\/pages"}],"about":[{"href":"https:\/\/dbvolta.com\/index.php?rest_route=\/wp\/v2\/types\/page"}],"author":[{"embeddable":true,"href":"https:\/\/dbvolta.com\/index.php?rest_route=\/wp\/v2\/users\/1"}],"replies":[{"embeddable":true,"href":"https:\/\/dbvolta.com\/index.php?rest_route=%2Fwp%2Fv2%2Fcomments&post=17473"}],"version-history":[{"count":3,"href":"https:\/\/dbvolta.com\/index.php?rest_route=\/wp\/v2\/pages\/17473\/revisions"}],"predecessor-version":[{"id":17480,"href":"https:\/\/dbvolta.com\/index.php?rest_route=\/wp\/v2\/pages\/17473\/revisions\/17480"}],"wp:attachment":[{"href":"https:\/\/dbvolta.com\/index.php?rest_route=%2Fwp%2Fv2%2Fmedia&parent=17473"}],"curies":[{"name":"wp","href":"https:\/\/api.w.org\/{rel}","templated":true}]}}